{"id":1698,"date":"2022-09-15T20:13:55","date_gmt":"2022-09-15T20:13:55","guid":{"rendered":"https:\/\/pzsipo-brzeziny.pl\/?page_id=1698"},"modified":"2022-10-21T19:32:06","modified_gmt":"2022-10-21T19:32:06","slug":"laboratoria-przyszlosci","status":"publish","type":"page","link":"https:\/\/pzsipo-brzeziny.pl\/index.php\/laboratoria-przyszlosci\/","title":{"rendered":"LABORATORIA PRZYSZ\u0141O\u015aCI"},"content":{"rendered":"\n<figure class=\"wp-block-image size-large\"><img loading=\"lazy\" decoding=\"async\" width=\"1024\" height=\"575\" src=\"https:\/\/pzsipo-brzeziny.pl\/wp-content\/uploads\/2022\/09\/logo-Laboratoria_Przyszlosci_poziom_kolor-1024x575.png\" alt=\"\" class=\"wp-image-1699\" srcset=\"https:\/\/pzsipo-brzeziny.pl\/wp-content\/uploads\/2022\/09\/logo-Laboratoria_Przyszlosci_poziom_kolor-1024x575.png 1024w, https:\/\/pzsipo-brzeziny.pl\/wp-content\/uploads\/2022\/09\/logo-Laboratoria_Przyszlosci_poziom_kolor-300x168.png 300w, https:\/\/pzsipo-brzeziny.pl\/wp-content\/uploads\/2022\/09\/logo-Laboratoria_Przyszlosci_poziom_kolor-768x431.png 768w, https:\/\/pzsipo-brzeziny.pl\/wp-content\/uploads\/2022\/09\/logo-Laboratoria_Przyszlosci_poziom_kolor-1536x862.png 1536w, https:\/\/pzsipo-brzeziny.pl\/wp-content\/uploads\/2022\/09\/logo-Laboratoria_Przyszlosci_poziom_kolor-2048x1149.png 2048w\" sizes=\"auto, (max-width: 1024px) 100vw, 1024px\" \/><figcaption> Mi\u0142o nam poinformowa\u0107 Pa\u0144stwa, i\u017c Szko\u0142a Podstawowa w PZSiPO w Brzezinach przyst\u0105pi\u0142a do inicjatywy edukacyjnej &#8222;Laboratoria Przysz\u0142o\u015bci&#8221; realizowanej przez Ministerstwo Edukacji i Nauki we wsp\u00f3\u0142pracy z Centrum GovTech w Kancelarii Prezesa Rady Ministr\u00f3w. Misj\u0105 programu jest stworzenie nowoczesnej szko\u0142y, w kt\u00f3rej zaj\u0119cia b\u0119d\u0105 prowadzone w spos\u00f3b ciekawy, anga\u017cuj\u0105cy uczni\u00f3w oraz sprzyjaj\u0105cy odkrywaniu ich talent\u00f3w i rozwijaniu zainteresowa\u0144. W ramach Programu szko\u0142a otrzyma\u0142a od pa\u0144stwa wsparcie finansowe na zakup wyposa\u017cenia technicznego niezb\u0119dnego do rozwoju umiej\u0119tno\u015bci praktycznych w\u015br\u00f3d dzieci i m\u0142odzie\u017cy m.in. wyposa\u017cenie pracowni gospodarstwa domowego, technicznej oraz informatycznej.<\/figcaption><\/figure>\n\n\n\n<p><a href=\"https:\/\/www.facebook.com\/media\/set?vanity=100062869395181&amp;set=a.471332578305718\" data-type=\"URL\" data-id=\"https:\/\/www.facebook.com\/media\/set?vanity=100062869395181&amp;set=a.471332578305718\" target=\"_blank\" rel=\"noreferrer noopener\">M\u0119ski hamburger Alberta<\/a><\/p>\n\n\n\n<p><a rel=\"noreferrer noopener\" href=\"https:\/\/www.facebook.com\/media\/set\/?set=a.471327114972931&amp;type=3\" data-type=\"URL\" data-id=\"https:\/\/www.facebook.com\/media\/set\/?set=a.471327114972931&amp;type=3\" target=\"_blank\">Kuchnie \u015bwiata &#8211; panna cotta<\/a><\/p>\n\n\n\n<p><a rel=\"noreferrer noopener\" href=\"https:\/\/www.facebook.com\/media\/set\/?set=a.464114329027543&amp;type=3\" data-type=\"URL\" data-id=\"https:\/\/www.facebook.com\/media\/set\/?set=a.464114329027543&amp;type=3\" target=\"_blank\">Sa\u0142atka z szynki parme\u0144skiej<\/a><\/p>\n\n\n\n<p><a rel=\"noreferrer noopener\" href=\"https:\/\/www.facebook.com\/media\/set\/?set=a.464105212361788&amp;type=3\" data-type=\"URL\" data-id=\"https:\/\/www.facebook.com\/media\/set\/?set=a.464105212361788&amp;type=3\" target=\"_blank\">Kuchnie \u015bwiata &#8211; spagetti carbonara<\/a><\/p>\n\n\n\n<p><a href=\"https:\/\/www.facebook.com\/media\/set\/?set=a.464101345695508&amp;type=3\" data-type=\"URL\" data-id=\"https:\/\/www.facebook.com\/media\/set\/?set=a.464101345695508&amp;type=3\" target=\"_blank\" rel=\"noreferrer noopener\">Kuchnie \u015bwiata &#8211; pizza<\/a><\/p>\n\n\n\n<p><a href=\"https:\/\/www.facebook.com\/media\/set\/?set=a.464098929029083&amp;type=3\" data-type=\"URL\" data-id=\"https:\/\/www.facebook.com\/media\/set\/?set=a.464098929029083&amp;type=3\" target=\"_blank\" rel=\"noreferrer noopener\">Cztery pory roku &#8211; zapiekanka ziemniaczana<\/a><\/p>\n\n\n\n<p><a rel=\"noreferrer noopener\" href=\"https:\/\/www.facebook.com\/media\/set\/?set=a.464096482362661&amp;type=3\" data-type=\"URL\" data-id=\"https:\/\/www.facebook.com\/media\/set\/?set=a.464096482362661&amp;type=3\" target=\"_blank\">Cztery pory roku &#8211; knedle ze \u015bliwkami<\/a><\/p>\n\n\n\n<p><a href=\"https:\/\/www.facebook.com\/media\/set\/?set=a.464094099029566&amp;type=3\" data-type=\"URL\" data-id=\"https:\/\/www.facebook.com\/media\/set\/?set=a.464094099029566&amp;type=3\" target=\"_blank\" rel=\"noreferrer noopener\">Babeczki Biedroneczek<\/a><\/p>\n\n\n\n<p><a rel=\"noreferrer noopener\" href=\"https:\/\/www.facebook.com\/media\/set\/?vanity=100062869395181&amp;set=a.459805132791796\" data-type=\"URL\" data-id=\"https:\/\/www.facebook.com\/media\/set\/?vanity=100062869395181&amp;set=a.459805132791796\" target=\"_blank\">Sa\u0142atka owocowa klasy &#8222;I&#8221;<\/a><\/p>\n\n\n\n<p><a rel=\"noreferrer noopener\" href=\"https:\/\/www.facebook.com\/media\/set\/?set=a.459497836155859&amp;type=3\" data-type=\"URL\" data-id=\"https:\/\/www.facebook.com\/media\/set\/?set=a.459497836155859&amp;type=3\" target=\"_blank\">Nale\u015bniki Alberta<\/a><\/p>\n\n\n\n<p><a rel=\"noreferrer noopener\" href=\"https:\/\/www.facebook.com\/media\/set\/?set=a.453678880071088&amp;type=3\" data-type=\"URL\" data-id=\"https:\/\/www.facebook.com\/media\/set\/?set=a.453678880071088&amp;type=3\" target=\"_blank\">Tosty Alberta<\/a><\/p>\n\n\n\n<p><a rel=\"noreferrer noopener\" href=\"https:\/\/www.facebook.com\/media\/set\/?set=a.3188738548045336&amp;type=3\" data-type=\"URL\" data-id=\"https:\/\/www.facebook.com\/media\/set\/?set=a.3188738548045336&amp;type=3\" target=\"_blank\">Pra\u017coki z kapust\u0105 klasy J<\/a><\/p>\n\n\n\n<p><a rel=\"noreferrer noopener\" href=\"https:\/\/www.facebook.com\/media\/set\/?set=a.3188721584713699&amp;type=3\" data-type=\"URL\" data-id=\"https:\/\/www.facebook.com\/media\/set\/?set=a.3188721584713699&amp;type=3\" target=\"_blank\">Szarlotka klasy J<\/a><\/p>\n\n\n\n<p><a rel=\"noreferrer noopener\" href=\"https:\/\/www.facebook.com\/media\/set\/?set=a.3188716654714192&amp;type=3\" data-type=\"URL\" data-id=\"https:\/\/www.facebook.com\/media\/set\/?set=a.3188716654714192&amp;type=3\" target=\"_blank\">Placki ziemniaczane klasy J<\/a><\/p>\n\n\n\n<p><a rel=\"noreferrer noopener\" href=\"https:\/\/www.facebook.com\/media\/set\/?set=a.3185136738405517&amp;type=3\" data-type=\"URL\" data-id=\"https:\/\/www.facebook.com\/media\/set\/?set=a.3185136738405517&amp;type=3\" target=\"_blank\">Albert robi frytki<\/a><\/p>\n\n\n\n<p><a rel=\"noreferrer noopener\" href=\"https:\/\/www.facebook.com\/media\/set\/?set=a.3184125375173320&amp;type=3\" data-type=\"URL\" data-id=\"https:\/\/www.facebook.com\/media\/set\/?set=a.3184125375173320&amp;type=3\" target=\"_blank\">Pracownia techniczna ma nowy sprz\u0119t<\/a><\/p>\n\n\n\n<p><a rel=\"noreferrer noopener\" href=\"https:\/\/www.facebook.com\/media\/set\/?set=a.3184131045172753&amp;type=3\" data-type=\"URL\" data-id=\"https:\/\/www.facebook.com\/media\/set\/?set=a.3184131045172753&amp;type=3\" target=\"_blank\">Zupa- krem z pomidor\u00f3w<\/a><\/p>\n\n\n\n<p><a href=\"https:\/\/www.facebook.com\/media\/set\/?set=a.3178057269113464&amp;type=3\" data-type=\"URL\" data-id=\"https:\/\/www.facebook.com\/media\/set\/?set=a.3178057269113464&amp;type=3\" target=\"_blank\" rel=\"noreferrer noopener\">Belgijskie gofry<\/a><\/p>\n\n\n\n<p><a href=\"https:\/\/www.facebook.com\/media\/set\/?set=a.3178067942445730&amp;type=3\" data-type=\"URL\" data-id=\"https:\/\/www.facebook.com\/media\/set\/?set=a.3178067942445730&amp;type=3\" target=\"_blank\" rel=\"noreferrer noopener\">Belgijskie frytki<\/a><\/p>\n\n\n\n<p><a rel=\"noreferrer noopener\" href=\"https:\/\/www.facebook.com\/media\/set\/?set=a.3178073649111826&amp;type=3\" data-type=\"URL\" data-id=\"https:\/\/www.facebook.com\/media\/set\/?set=a.3178073649111826&amp;type=3\" target=\"_blank\">Drukarka 3D<\/a><\/p>\n\n\n\n<p><a rel=\"noreferrer noopener\" href=\"https:\/\/www.facebook.com\/media\/set\/?set=a.3179635595622298&amp;type=3\" data-type=\"URL\" data-id=\"https:\/\/www.facebook.com\/media\/set\/?set=a.3179635595622298&amp;type=3\" target=\"_blank\">Spagetti<\/a><\/p>\n\n\n\n<p><a rel=\"noreferrer noopener\" href=\"https:\/\/www.facebook.com\/media\/set\/?set=a.3179631538956037&amp;type=3\" data-type=\"URL\" data-id=\"https:\/\/www.facebook.com\/media\/set\/?set=a.3179631538956037&amp;type=3\" target=\"_blank\">Ciasto ze \u015bliwkami<\/a><\/p>\n\n\n\n<p><a rel=\"noreferrer noopener\" href=\"https:\/\/www.facebook.com\/media\/set\/?set=a.3178890352363489&amp;type=3\" data-type=\"URL\" data-id=\"https:\/\/www.facebook.com\/media\/set\/?set=a.3178890352363489&amp;type=3\" target=\"_blank\">Kawiarenka Alberta<\/a><\/p>\n\n\n\n<p><\/p>\n","protected":false},"excerpt":{"rendered":"<p>M\u0119ski hamburger Alberta Kuchnie \u015bwiata &#8211; panna cotta Sa\u0142atka z szynki parme\u0144skiej Kuchnie \u015bwiata &#8211; spagetti carbonara Kuchnie \u015bwiata &#8211; pizza Cztery pory roku &#8211; zapiekanka ziemniaczana Cztery pory roku&hellip;<\/p>\n","protected":false},"author":2,"featured_media":0,"parent":0,"menu_order":0,"comment_status":"closed","ping_status":"closed","template":"","meta":{"footnotes":""},"class_list":["post-1698","page","type-page","status-publish","hentry"],"_links":{"self":[{"href":"https:\/\/pzsipo-brzeziny.pl\/index.php\/wp-json\/wp\/v2\/pages\/1698","targetHints":{"allow":["GET"]}}],"collection":[{"href":"https:\/\/pzsipo-brzeziny.pl\/index.php\/wp-json\/wp\/v2\/pages"}],"about":[{"href":"https:\/\/pzsipo-brzeziny.pl\/index.php\/wp-json\/wp\/v2\/types\/page"}],"author":[{"embeddable":true,"href":"https:\/\/pzsipo-brzeziny.pl\/index.php\/wp-json\/wp\/v2\/users\/2"}],"replies":[{"embeddable":true,"href":"https:\/\/pzsipo-brzeziny.pl\/index.php\/wp-json\/wp\/v2\/comments?post=1698"}],"version-history":[{"count":17,"href":"https:\/\/pzsipo-brzeziny.pl\/index.php\/wp-json\/wp\/v2\/pages\/1698\/revisions"}],"predecessor-version":[{"id":1820,"href":"https:\/\/pzsipo-brzeziny.pl\/index.php\/wp-json\/wp\/v2\/pages\/1698\/revisions\/1820"}],"wp:attachment":[{"href":"https:\/\/pzsipo-brzeziny.pl\/index.php\/wp-json\/wp\/v2\/media?parent=1698"}],"curies":[{"name":"wp","href":"https:\/\/api.w.org\/{rel}","templated":true}]}}